{"id":2851,"date":"2016-03-06T02:34:47","date_gmt":"2016-03-06T02:34:47","guid":{"rendered":"http:\/\/blasket.ie\/wp-content\/uploads\/2016\/03\/Children-in-the-schoolyard-mid-1930s-1.jpg"},"modified":"2016-04-17T19:57:21","modified_gmt":"2016-04-17T19:57:21","slug":"children-in-the-schoolyard-mid-1930s","status":"inherit","type":"attachment","link":"https:\/\/www.blasket.ie\/ga\/children-in-the-schoolyard-mid-1930s\/","title":{"rendered":"\u2018F\u00e9ach cad at\u00e1 agamsa!\u2019 Leana\u00ed i gcl\u00f3s na scoile, l\u00e1r na 1930\u00ed."},"author":9,"featured_media":0,"comment_status":"closed","ping_status":"closed","template":"","meta":{"_et_pb_use_builder":"","_et_pb_old_content":"","_et_gb_content_width":""},"class_list":["post-2851","attachment","type-attachment","status-inherit","hentry"],"description":{"rendered":"<p class=\"attachment\"><a href='https:\/\/www.blasket.ie\/wp-content\/uploads\/2016\/03\/Children-in-the-schoolyard-mid-1930s-1.jpg'><img loading=\"lazy\" decoding=\"async\" width=\"300\" height=\"213\" src=\"https:\/\/www.blasket.ie\/wp-content\/uploads\/2016\/03\/Children-in-the-schoolyard-mid-1930s-1-300x213.jpg\" class=\"attachment-medium size-medium\" alt=\"\" srcset=\"https:\/\/www.blasket.ie\/wp-content\/uploads\/2016\/03\/Children-in-the-schoolyard-mid-1930s-1-300x213.jpg 300w, https:\/\/www.blasket.ie\/wp-content\/uploads\/2016\/03\/Children-in-the-schoolyard-mid-1930s-1-768x545.jpg 768w, https:\/\/www.blasket.ie\/wp-content\/uploads\/2016\/03\/Children-in-the-schoolyard-mid-1930s-1-1024x727.jpg 1024w, https:\/\/www.blasket.ie\/wp-content\/uploads\/2016\/03\/Children-in-the-schoolyard-mid-1930s-1-1200x851.jpg 1200w\" sizes=\"(max-width: 300px) 100vw, 300px\" \/><\/a><\/p>\n"},"caption":{"rendered":"<p>\u2018F\u00e9ach cad at\u00e1 agamsa!\u2019 Leana\u00ed i gcl\u00f3s na scoile, l\u00e1r na 1930\u00ed.<\/p>\n"},"alt_text":"","media_type":"image","mime_type":"image\/jpeg","media_details":{"width":2331,"height":1654,"file":"2016\/03\/Children-in-the-schoolyard-mid-1930s-1.jpg","sizes":{"thumbnail":{"file":"Children-in-the-schoolyard-mid-1930s-1-150x150.jpg","width":150,"height":150,"mime_type":"image\/jpeg","source_url":"https:\/\/www.blasket.ie\/wp-content\/uploads\/2016\/03\/Children-in-the-schoolyard-mid-1930s-1-150x150.jpg"},"medium":{"file":"Children-in-the-schoolyard-mid-1930s-1-300x213.jpg","width":300,"height":213,"mime_type":"image\/jpeg","source_url":"https:\/\/www.blasket.ie\/wp-content\/uploads\/2016\/03\/Children-in-the-schoolyard-mid-1930s-1-300x213.jpg"},"medium_large":{"file":"Children-in-the-schoolyard-mid-1930s-1-768x545.jpg","width":768,"height":545,"mime_type":"image\/jpeg","source_url":"https:\/\/www.blasket.ie\/wp-content\/uploads\/2016\/03\/Children-in-the-schoolyard-mid-1930s-1-768x545.jpg"},"large":{"file":"Children-in-the-schoolyard-mid-1930s-1-1024x727.jpg","width":1024,"height":727,"mime_type":"image\/jpeg","source_url":"https:\/\/www.blasket.ie\/wp-content\/uploads\/2016\/03\/Children-in-the-schoolyard-mid-1930s-1-1024x727.jpg"},"post-thumbnail":{"file":"Children-in-the-schoolyard-mid-1930s-1-1200x851.jpg","width":1200,"height":851,"mime_type":"image\/jpeg","source_url":"https:\/\/www.blasket.ie\/wp-content\/uploads\/2016\/03\/Children-in-the-schoolyard-mid-1930s-1-1200x851.jpg"},"full":{"file":"Children-in-the-schoolyard-mid-1930s-1.jpg","width":2331,"height":1654,"mime_type":"image\/jpeg","source_url":"https:\/\/www.blasket.ie\/wp-content\/uploads\/2016\/03\/Children-in-the-schoolyard-mid-1930s-1.jpg"}},"image_meta":{"aperture":"0","credit":"","camera":"","caption":"","created_timestamp":"0","copyright":"","focal_length":"0","iso":"0","shutter_speed":"0","title":"","orientation":"1","keywords":[]}},"post":null,"source_url":"https:\/\/www.blasket.ie\/wp-content\/uploads\/2016\/03\/Children-in-the-schoolyard-mid-1930s-1.jpg","_links":{"self":[{"href":"https:\/\/www.blasket.ie\/ga\/wp-json\/wp\/v2\/media\/2851","targetHints":{"allow":["GET"]}}],"collection":[{"href":"https:\/\/www.blasket.ie\/ga\/wp-json\/wp\/v2\/media"}],"about":[{"href":"https:\/\/www.blasket.ie\/ga\/wp-json\/wp\/v2\/types\/attachment"}],"author":[{"embeddable":true,"href":"https:\/\/www.blasket.ie\/ga\/wp-json\/wp\/v2\/users\/9"}]}}

‘Féach cad atá agamsa!’ Leanaí i gclós na scoile, lár na 1930í.

<p>‘Féach cad atá agamsa!’ Leanaí i gclós na scoile, lár na 1930í.</p>
